0. Suppose v*k = 8 - 5. Is -4 + -1*(-854 - k) prime?
False
Let c(w) = 2*w**2 - 3*w - 1. Let k(g) = -52*g**3 - 19*g**2 + 24*g + 13. Let r(q) = -9*c(q) - k(q). Let m(v) = v + 7. Let f be m(-5). Is r(f) a prime number?
False
Let x(l) = 16467*l - 3626. Is x(5) composite?
True
Let t(z) = 8*z**3 - 18*z**2 - 17*z + 46. Is t(9) a composite number?
True
Let n(y) = y**3 - y**2 - 1. Let u(m) = -17*m**3 - 13*m**2 - 3*m + 1. Let d(o) = 2*n(o) + u(o). Let q be d(-5). Suppose -5*w - q + 3859 = 0. Is w composite?
True
Let c be (-15)/10*(-15 + 1). Let v(k) = 18*k**2 + 36*k + 52. Is v(c) a composite number?
True
Let t be -3 + 0 - 641*-2. Let b = 30 + -27. Suppose -b*p = -t - 392. Is p prime?
True
Let c(i) = i**2 - 5*i**2 - 5*i - 5*i**3 + 6*i**3 + 4 + i**2. Let l be c(4). Suppose -12*j - j + 16237 = l. Is j a composite number?
False
Let j(l) = -80*l - 5. Let f = 62 + -11. Let t = 43 - f. Is j(t) composite?
True
Let a(l) = l**2 + 4*l - 89. Let c be a(8). Suppose c*y - 15303 = 3380. Is y a prime number?
False
Suppose -5*n + 179039 + 300044 = 6*n. Is n a prime number?
False
Suppose -4 = 9*y - 5*y. Is (y/(-3))/(-6 - -7)*7707 prime?
False
Let x(k) = 3*k**3 - 10*k**2 + 7*k - 7. Let y(v) = 13*v**3 - 41*v**2 + 29*v - 29. Let q(b) = -9*x(b) + 2*y(b). Let f be q(6). Is 1 + 1 - (0 - f) a prime number?
False
Let v be (-76)/24*2*(11 + 1). Let i = 72 + v. Is (-1)/2 + (-2454)/i a prime number?
True
Let u = 247641 + -140123. Is u composite?
True
Let u(x) = -22*x**2 + 3*x - 6. Let l be u(-5). Let b = -1127 - -1991. Let j = b + l. Is j prime?
True
Suppose 12*c - 9*c = -2*d - 249580, -4*c + 5*d = 332758. Is 6/(-4)*c/12 composite?
False
Is ((-61168)/(-64) - 14)/(2/376) a composite number?
True
Let p be 30533/(-2) - 12/24. Let g = p - -23932. Is g a composite number?
True
Let o be (-1)/6 - (-332268)/432*-6. Let h = o + 7557. Is h composite?
True
Is (-359412)/(-2 - 2) - -4 a composite number?
True
Let h = 47753 - 27126. Is h composite?
False
Is 6 - 490/84 - (-3993963)/18 prime?
False
Let y be (-4)/(-8)*0 - 4*-1. Suppose 0 = 3*p + 2*p - 20, h - p - 1 = 0. Suppose 687 = h*u + 4*s, -y*u - 2*s = 326 - 878. Is u a composite number?
False
Let j(l) = -l**2 - 3*l + 3. Let s be j(-3). Let x(d) = 31*d**2 + 33*d**2 + 1 + 3*d + 11*d**2. Is x(s) a composite number?
True
Let r be ((-3)/(-6)*-5)/(1/2). Let t(y) = -408*y - 32*y + 1 + 3 - 1. Is t(r) composite?
False
Let y be (1 - 0)/(6/18). Suppose 0 = -i + y*i - 10. Suppose -4*v + 24 + 15 = -i*c, -5*c = -3*v + 33. Is v a composite number?
True
Suppose d + 2790 = -14165. Let a = -9302 - d. Is a composite?
True
Let g be 13/4 + ((-94)/(-8) - 12). Is (-6994)/(-4)*(g - (0 - -1)) composite?
True
Let i(r) be the first derivative of -3 - 1/2*r**2 + 26*r. Is i(-9) prime?
False
Let b be (-49902)/(-8) + (-59)/(-236). Suppose 12*h + b = 13*h. Is h prime?
False
Let o(q) = 2357*q**3 - 3*q**2 + 107*q - 334. Is o(3) composite?
False
Let w(d) = d**2 + 4*d + 4. Let y be w(-6). Suppose -3*s - 14*c = -y*c - 1663, -2*c = s - 549. Is s prime?
False
Is -212*(86535/(-60) - -8) prime?
False
Suppose -4*f + 4*d = -13 + 277, f - 3*d + 70 = 0. Let p = f + 192. Let n = 170 + p. Is n a composite number?
True
Suppose -n + 11975 = 2*d, 0 = -11*n + 9*n + d + 23935. Is n a composite number?
False
Suppose -r = -67 + 70. Let n(j) = -49*j**3 + j**2 + 13*j. Is n(r) a composite number?
True
Suppose -v = n - 12752 - 9623, 0 = 3*n + 2*v - 67117. Is n prime?
True
Let o(d) = -d**3 + 92*d**2 + 74*d + 62. Is o(45) prime?
False
Let s = 3997 + -6704. Let h = 8820 + s. Is h a prime number?
True
Suppose -6220485 = -11*w - 34*w. Is w composite?
True
Let i(h) = h**3 - 16*h**2 + 32*h + 3. Suppose 3*l = -319 + 379. Is i(l) a composite number?
False
Let g be (-6905)/20 + (-4)/(48/(-3)). Is (-541)/(4 - g/(-85)) prime?
False
Suppose -6*i + 7*i - 1686 = 0. Let b be (7/(-14))/((-3)/i). Suppose 5*h - 674 = b. Is h a composite number?
False
Let q(z) = 12*z**2 + 7*z + 1. Let r be q(-4). Let k be 37/((-490)/r - -3). Suppose -k = 4*v - 3977. Is v a composite number?
True
Is (2 - -52871)*5 + (-12)/2 a composite number?
False
Suppose 4*a - 12 = b, -3*a = 4*b - 6*b - 4. Suppose -b*p - 3212 = -5*i + 3377, -3*i + 5*p + 3956 = 0. Is i a composite number?
True
Suppose -15928944 + 4093128 = -24*q. Is q a composite number?
False
Suppose -2*n = -3*n - 4*a - 13, 0 = 3*n - 2*a - 3. Let v be n + (19354 - 1) - 3. Suppose v = 5*x - 1326. Is x a composite number?
True
Is 8 - (93676/(-198) - (-3)/27) prime?
False
Suppose 7*r = 6*r - z + 6, 0 = -2*r + 2*z. Suppose 15 = 5*f, 6*f = -r*n + 2*f + 3435. Is n a composite number?
True
Let g = -368 + 372. Suppose b = g*r - 68231, -7*b = -2*r - 2*b + 34093. Is r prime?
False
Let s = -1179120 + 2381731. Is s a composite number?
True
Suppose -2*a + 6 = -0*a. Suppose -a*h + 1707 = 138. Let s = 746 - h. Is s a composite number?
False
Suppose 0 = 18*s - 6*s - 228. Suppose s*r - 8517 = 2*r. Is r prime?
False
Suppose -5*x - 30 = -w, -3*w + 4*x + 10 = 5*x. Let b(o) = 18*o**2 + 20*o - 47. Is b(w) prime?
True
Suppose -3*w - 1683 = 5*f, -3*f - 2*w - 1011 = w. Let d = f - -481. Let a = d - -910. Is a prime?
False
Let q(u) = 5448*u + 313. Is q(10) a composite number?
True
Let u(s) = 322*s**2 - 11*s - 24. Let b be u(6). Suppose 0*d = 3*t + 3*d - b, -7653 = -2*t + 3*d. Is t prime?
False
Let t be ((-42)/(-7) - -6) + (-1 + 6)/5. Let d(s) = 17 + 3*s**2 + 17*s - 2*s**2 + 2*s**2. Is d(t) composite?
True
Let h(t) = 74*t**2 - t**3 - 12*t - 84*t**2 + 0 - 12. Let b be h(-9). Is 3802/6 + (-10)/b prime?
False
Let f(m) = -3413*m - 1. Let b be f(-4). Let t = b + -9556. Suppose 0 = -o + 4*w + t, -4*o + 6244 + 10216 = 4*w. Is o a composite number?
False
Is (-19)/(380/(-48279790))*(-2)/(-13) composite?
False
Let v be (-18)/6 - 1*-3. Suppose t = -5*s + 488, v*s - 5*t + 209 = 2*s. Suppose -827 - s = -3*u - 3*o, o + 1227 = 4*u. Is u a composite number?
False
Let p(x) = x + 11. Let l be p(-7). Let o be 18/l*12/(-90)*-5. Suppose -4*b + o*b = -287. Is b a prime number?
False
Suppose -2*l - 3*a = -10, 2*l + 2*a - 15 = -l. Suppose -3 = -4*p + l. Suppose -2*w + f + 516 = 0, 5*f = p*w + f - 522. Is w a prime number?
True
Suppose 3*r - 19 + 15 = -b, 2*b - 8 = -r. Suppose 8*c - 7*c - 3314 = r. Is c a prime number?
False
Is (-24)/(-60) + (-300286)/(-10) composite?
False
Let q = 5263 - 5259. Let n(m) = 109*m + 762*m + 5 + 181*m. Is n(q) prime?
False
Let s(i) be the second derivative of 11/12*i**4 - 7/3*i**3 + 1/20*i**5 - 3*i + 0 - 1/2*i**2. Is s(-9) a prime number?
False
Let l(v) = 4389*v**3 - v**2 + 206*v - 631. Is l(3) a prime number?
False
Suppose 14*q - 6016 = 6*q. Let i = 507 + q. Is i composite?
False
Let i be (4/16)/((-7)/(-140)). Suppose -10493 = v - 2*v + i*a, 3*v - 5*a = 31439. Is v composite?
True
Let p = 80326 - -363277. Is p a prime number?
True
Let c(t) = -30*t**3 - 3*t**3 + 2*t**2 + 13 - 11 - 4*t. Let u be c(2). Is (2 - (-32)/(-4))/(-2) - u prime?
False
Suppose 2*t + 3*t = 5*n + 2650, -2*n + 2685 = 5*t. Let b = -378 + t. Is b a prime number?
True
Suppose -15*f = -104974 - 146861. Is f a composite number?
True
Suppose 3*s - 851585 = -4*p, -567147 = -15*p - 5*s + 2626303. Is p a composite number?
False
Suppose 5925816 + 3251924 = 101*m + 929373. Is m a composite number?
False
Suppose -10*j + 115655 = -64935. Is j a prime number?
True
Is (-2)/(-4)*(12 - 4) + 13363 composite?
False
Let z(i) = -46083*i - 1394. Is z(-15) a prime number?
True
Let j(b) = -b + 1. Let p be j(-1). Let a be 24/(-16) - (-3525)/p. Is a/6 - (-2)/(-4) a composite number?
False
Let x = -46949 - -95106. Is x composite?
False
Suppose -5*c + 3*m + 0*m - 2 = 0, -4*c + 4 = -m. Let o(s) = 5*s + 160 - 3*s + c*s**2 - 28 + 59. Is o(0) a prime number?
True
Let a = -8049 - -11506. Is a a composite number?
False
Let a = -347387 - -522834. Is a composite?
False
Suppose -26537705 = -6*g - 5926019. Is g prime?
True
Let b(l) = -9*l**3 - 9*l**2 - 13*l - 7. Let j be b(-5). Suppose -8*i = -j - 570. Suppose -3*u = t - i, 4*t = -u - 4*u + 792. Is t prime?
False
Let v = -10745 - -10800. Suppose -5*s = 2*u - 180, s = -u - 4*u + 36. Let f = v - s. Is f prime?
True
Suppose -40*k + 2075207 = 3*l - 45*k, 2766960 = 4*l + 2*k. Is l prime?
True
Let b(q) = 10*q**2 + 19*q - 2. Let x be b(-4). Let o = x - -1005. Is o prime?
True
Let f be 497/(-284) - (-54)/8. Suppose -8*i + 11*i